3 + (3 - (-1 + -5 + 3))?
3
-9 + (10 - -5) - 12
-6
What is the value of 3 + -3 + 1 + (0 - 2)?
-1
2 + (0 - (2 + 2 + -2))
0
-2 - 1 - (1 - (3 + 1))
0
Evaluate 4 + 0 + -3 + -2 + -6.
-7
What is the value of -4 + (2 - (-4 + 3)) - -1?
0
What is -5 + (-3 - 3 - (5 + -9))?
-7
-1 + 1 + 2 - (-4 + 11)
-5
Calculate -2 - ((-4 - (-4 + 7)) + 3).
2
Evaluate -4 + 1 + 0 - (-33 + 31).
-1
What is 1 - (0 + -6) - 5?
2
What is the value of 6 + -3 + (0 - 9) - -4?
-2
What is the value of (-7 - 1) + -32 + 35?
-5
What is the value of 10 - (-8 + 5 - -19)?
-6
What is 8 + -4 - (-2 + 2)?
4
Calculate (-3 - (-1 + -8)) + -1 + -4.
1
Evaluate -5 - 2 - (-6 + 9 + -5).
-5
Calculate -2 + (-5 - (-5 - -4)) - -9.
3
4 - (6 - (-4 + 2 + 3))
-1
(-2 - -2) + (0 - -8)
8
What is -3 - (-9 - (-3 - 13))?
-10
Calculate (-4 - -5) + 2 + -4.
-1
Evaluate -5 + 1 - (-8 + 4 - 5).
5
What is -11 - (1 + -3 + -2)?
-7
Evaluate (4 - (2 + 1)) + 1.
2
Calculate 1 + (3 - -1) - (86 - 79).
-2
Calculate -4 - (3 + -5) - (2 - 6).
2
What is (3 + (3 - 0) - 3) + -3?
0
Evaluate -3 + (-3 - ((-3 - -8) + -6)).
-5
Evaluate (2 - 0) + -12 - -6.
-4
Calculate 22 + -29 - ((-1 - -1) + -15).
8
Calculate 5 - ((2 - 4) + 5).
2
What is the value of -18 + -3 + 9 - -4?
-8
-1 - (3 - 1 - (-11 + 13))
-1
Calculate 1 + 1 - (-4 + 6 + 2).
-2
1 + 2 + -1 - (-116 - -123)
-5
Evaluate -2 + -2 - ((4 - 10) + 0).
2
Calculate 0 - 1 - (0 - 1) - 3.
-3
Evaluate -9 + (6 - (0 + 3)) - -12.
6
Evaluate (-3 - -8) + -3 + 2 - 5.
-1
2 + -9 - (-10 - 3)
6
What is the value of (13 - (-4 + 15)) + -1 + -2?
-1
Calculate -1 + (7 - -1) - 9.
-2
What is the value of 10 + -8 + 0 + 3?
5
What is the value of 1 + (-2 - 0) - (20 + -17)?
-4
What is the value of (-2 - -6) + 24 + -19?
9
What is (-1 - 1) + (-4 + 16 - 8)?
2
Evaluate 8 + -9 - (-2 - 0).
1
(15 - 26) + (5 - -1)
-5
Evaluate 2 + (1 - (-3 - -1)) + 0.
5
-3 - (-2 + 0) - -2
1
Calculate (11 - 3 - 7) + -4.
-3
What is (9 - 1) + (28 - 29)?
7
What is the value of (-1 - 2) + 3 - (-18 + 13)?
5
-6 - (12 + -9 + -13)
4
Evaluate (-6 + -5 - -4) + 2.
-5
Evaluate -6 + 9 + 1 + -4.
0
Evaluate 1 + 3 - (-1 + 1 + 0).
4
Calculate (8 - 0) + (4 - (3 - -6)).
3
Calculate (0 - (-4 - -9 - 1)) + 9.
5
What is -9 - ((-8 - (-4 + -3)) + -7)?
-1
Calculate (-7 - -12) + -4 - -3.
4
Calculate 3 - ((66 - 54) + 1 + -7).
-3
What is the value of -2 + 1 - (-3 - (-9 + 4))?
-3
Calculate 1 + -2 + -2 - 0.
-3
Calculate -4 + (-4 + 2 - (1 - 2)).
-5
Calculate -7 + 5 + 5 - 3.
0
Evaluate 14 + -19 - (0 + 1).
-6
Calculate -4 - -2 - (-41 + 45).
-6
What is the value of (-4 - -4) + -5 - -11?
6
Calculate -5 - (0 - 2) - (-3 + 0).
0
What is the value of 4 + -5 + 2 + -6?
-5
Calculate (-12 - -1) + 8 + -3 + -2.
-8
(-10 - -6) + 6 + (8 - 3)
7
What is the value of (4 - 3) + 2 + -8?
-5
What is -4 - -15 - 3 - 5?
3
-47 + 66 - (12 - 2)
9
Evaluate (-6 - 3) + -1 + 15.
5
Calculate 21 - 26 - (3 + -1).
-7
What is (-3 - (-8 - -4)) + 4?
5
Calculate -5 + 2 - (-14 - -16).
-5
What is 0 + -4 - (2 - (-2 + 7))?
-1
(6 - 8) + 12 + -15
-5
What is the value of -23 + (6 - (5 + -3)) + 8?
-11
Calculate 8 - (-5 - (-6 - 11)).
-4
What is the value of -2 + 1 + 3 + (0 - -3)?
5
Evaluate 0 + 3 + -6 + -3 + 1.
-5
Calculate (-1 - -1) + -2 - (-144 - -147).
-5
Calculate (-2 - ((2 - -4) + -8)) + -2.
-2
Calculate 13 - (0 + 8 + -3).
8
What is -1 + 6 + (-12 - (-9 - 5))?
7
Evaluate 8 + -3 + 1 + 10 + -12.
4
What is the value of (16 - 6) + -8 + 2?
4
What is the value of 11 + -5 - 3 - 4?
-1
What is 1 - 5 - (-3 + 5 + -3)?
-3
Calculate -16 - -20 - (4 + -1).
1
What is 1 + (-2 - -2 - 4) - 0?
-3
Calculate 1 - -1 - (3 + (5 - 5)).
-1
(3 - 2) + (4 - 12)
-7
Calculate -1 + (4 - 5) + -1.
-3
(-6 - -4 - -2) + 5
5
What is -18 + 3 + 21 - 10?
-4
What is (5 - 0) + 17 + -11 - 5?
6
What is (3 + -8 - -6 - 5) + -1?
-5
Evaluate (-13 - (-26 - -16)) + -1 + -3.
-7
(1 - (4 + -4)) + (13 - 17)
-3
What is the value of (-1 + 2 - 6) + 9 + -10?
-6
What is the value of -3 + 3 - (-1 + 5)?
-4
Calculate (2 - 4) + 0 + (2 - 1).
-1
Evaluate 0 - ((7 - 5) + (0 - 3)).
1
What is the value of -6 + -5 + 9 + -6?
-8
What is the value of 11 + -3 + -1 + -2?
5
What is (-11 - (-3 - 2) - -5) + 6?
5
What is the value of -4 + (4 - 4) + 3?
-1
Calculate 3 + -6 - (5 + -7).
-1
Evaluate (-12 - (8 + -15)) + 9.
4
What is 2 + 0 - (-7 + 0 + 4)?
5
Evaluate -8 + 1 - (-4 - -2).
-5
(0 - -2) + -110 + 117
9
Evaluate 9 + -11 + 3 + (6 - 2).
5
What is 0 - (4 - (6 - 4))?
-2
Calculate (3 - 9) + 7 + -1.
0
Evaluate -2 + (7 - 4) + (3 - 2).
2
Evaluate -7 - (-1 - -1) - (-25 + 19).
-1
1 + 1 + -7 + 7 + -4
-2
(3 - (-1 + 1) - 9) + 2
-4
9 + (1 - 6) + -5
-1
Evaluate 4 + -7 + 2 - -14 - 5.
8
Evaluate -54 + 47 - (-6 - (0 + -2)).
-3
What is 5 - (-1 + (0 - -3)) - 6?
-3
-1 - (-3 + 7 - 1) - -1
-3
Evaluate -1 + 1 + -6 + 3 + 3.
0
Evaluate -2 + 14 - 17 - 4.
-9
-1 - ((-2 - -4) + 1 + -5)
1
(0 + -4 - 0) + 9
5
What is 0 + (5 - 4) + -4?
-3
What is the value of -23 - -21 - (-1 + 1 + 0)?
-2
What is -1 + 2 + (-9 - (1 - 14))?
5
Evaluate 1 + -2 + -4 - -5 - 3.
-3
What is the value of -1 + 1 - (-10 - -11 - -4)?
-5
What is 3 - 7 - (0 + -9)?
5
What is 10 - (9 + -3 + 2)?
2
Evaluate (2 - 7) + 3 + -2 + 14.
10
What is (-3 - -3) + (0 - -5 - 3)?
2
-18 - (-7 + (-2 - 4))
-5
7 - 11 - (-1 - 1)
-2
Evaluate -3 - (-3 - 3 - 1).
4
Evaluate 0 + 0 + -2 + 2 - -2.
2
Evaluate (-4 - (-18 + 7)) + -9.
-2
Evaluate 0 + -1 + 1 + 3.
3
-5 + (-2 - -4) + 7 + 2
6
Calculate 2 + (-6 - (-3 - 3)).
2
What is 11 - 9 - 4 - -9?
7
Evaluate (12 - 4) + -7 + 4 + -13.
-8
Evaluate -22 + 17 - (-2 - -2).
-5
Calculate -1 - 2 - (6 + -16 + 11).
-4
Calculate 7 - 9 - (4 + -4 + 1).
-3
What is the value of 1 - (3 + (3 - 3))?
-2
What is 5 - ((1 - 2) + 6)?
0
What is (1 - 1 - -8) + 393 + -405?
-4
What is 4 - (0 + -5 + 11)?
-2
What is the value of 20 + -19 + (3 - 3 - 5)?
-4
8 - (5 + -4 + 5)
2
What is the value of 3 + -3 - (1 + -3) - 1?
1
What is (-5 + 1 - -2) + -2?
-4
Evaluate -6 + 7 - (2 - 0).
-1
Calculate 1 + (3 - (1 + 4 + -5)).
4
What is 2 - 7 - (1 + 0 + -1)?
-5
6 - ((-1 - -1) + -12 + 12)
6
Calculate (4 - 6) + 2 + 3.
3
Calculate (-49 - -52) + (-1 - 0).
2
What is 6 - (-3 - -5 - (1 - 3))?
2
(1 - 5) + 2 + (1 - 1)
-2
What is the value of 5 - -1 - (-4 - (12 - 19))?
3
What is the value of 4 + -6 + 3 + -1?
0
(3 - ((9 - 6) + 1)) + 7
6
What is the value of (8 - (-2 + 1)) + -16?
-7
Calculate (12 - 8 - 1) + 5 + -2.
6
Evaluate -9 + (12 - 3) - -4.
4
5 + (-11 - (1 + -6))
-1
1 - (7 + -16 + 3)
7
(1 - (-2 + 0)) + -3
0
Evaluate -1 - (-2 + 8 - 4).
-3
Calculate 4 - 3 - (-2 - -5 - -3).
-5
(1 - 6) + -4 + 12
3
What is the value of (5 - 1 - 6) + (0 - 2)?
-4
Calculate 4 + -5 + 0 + -4.
-5
What is the value of 2 - (-4 - -11) - -6?
1
Evaluate -3 + 17 + (-1 - 14 - -9).
8
Calculate -4 + 3 + 7 + -2 - 7.
-3
Evaluate 4 + -8 - -1 - -1.
-2
Evaluate 1 - 0 - (-1 + -4 - -4).
2
0 + 4 - (12 + (-27 - -15))
4
What is the value of -3 + 3 + -19 + 12?
-7
Calculate -4 - ((-2 + -2 - -4) + -4).
0
Evaluate -1 + 0 - -4 - (22 - 21).
2
What is 2 - ((-1 - -3) + -4) - 1?
3
1 + -2 + -15 + 21
5
What is 4 + -1 - (12 + (-2 - 8))?
1
Evaluate (-13 + 2 - -11) + (3 - -1).
4
Evaluate 4 + (-6 - -2) + 0.
0
Calculate -5 - (-2 - (-8 - (-6 + 5))).
-10
What is the value of 3 - (1 + 0) - 4?
-2
What is the value of -5 + -1 + 5 - (6 + -1)?
-6
(7 - (-6 - -14)) + 2 + -1
0
(5 - 7) + 0 - 2
-4
Calculate 59 - 55 - (8 - (2 + 0)).
-2
Evaluate -4 - (11 + (-17 - -7)).
-5
What is 13 + -6 + 1 + -3?
5
Calculate -6 + (-8 - (-24 - -6)).
4
What is 6 - 12 - (-1 - (1 + -3))?
-7
What is -6 + 2 + -10 + 13?
-1
(-1 - -4) + -1 + -6 + 4
0
What is (-15 - -13 - (1 - -1)) + 7?
3
7 + -4 + (1 - (4 - 0))
0
What is -8 - (-19 + -1 + 69 + -66)?
9
Evaluate 0 + 6 + 3 + -8 + 4.
5
4 + -7 - (-5 - -6) - -6
2
-1 + 3 + (-1 + 3 - 7)
-3
-1 + -2 - (2 - 4)
-1
Evaluate 9 + -10 + (-10 - -4).
-7
What is -23 + 5 + 2 - -11?
-5
What is the value of 3 - (-4 - (-4 + 3)) - 11?
-5
What is -12 - ((-3 - (-6 - -10)) + 1)?
-6
What is 0 + (0 - -2) - (-6 + 11)?
-3
Evaluate (-1 - (-4 - (4 - 6))) + 4.
5
Evaluate (2 - (-1 - -3)) + 5.
5
Evaluate (-2 - 1) + (8 - 3).
2
What is the value of 11 + -4 + -1 + -1?
5
What is (8 - (-1 + 4)) + 0 + -1?
4
2 + -1 + -9 + 2 + -1
-7
-1 + (-2 - (-1 + -2) - 4)
-4
What is 8 - ((1 - 5) + 15)?
-3
What is the value of -2 + -1 - (-45 + 40)?
2
2 + 0 + (-1 - 11) + 4
-6
7 + (-2 - (4 - (4 + -2)))
3
What is 2 - -5 - (-5 - 4 - -14)?
2
(0 - 7 - -5) + 5
3
Evaluate -8 + (8 - (-5 + (3 - -6))).
-4
What is the valu